201?
-20001110
In base 11, what is -1a566 + 9360?
-11206
In base 16, what is 3 + -1d3c39?
-1d3c36
In base 15, what is ed3c5 - -115?
ed4da
In base 15, what is -a + -18798c?
-187997
In base 12, what is -24b52 - -5?
-24b49
In base 8, what is 50 + 4347717?
4347767
In base 10, what is 10774230 - 0?
10774230
In base 13, what is -5 + 1cc460?
1cc458
In base 15, what is b86 + 23?
ba9
In base 2, what is 1100110110 - -1000010101111?
1001111100101
In base 16, what is 0 + -5bb7f?
-5bb7f
In base 9, what is -482 - -166232?
165640
In base 12, what is 2a16a9206 + 1?
2a16a9207
In base 12, what is -13a8711 - -4?
-13a8709
In base 11, what is 5011 + -1321?
37a0
In base 4, what is -13302223032 - 1013?
-13302230111
In base 9, what is 1272 - 130548?
-128266
In base 12, what is -3258631 + -4?
-3258635
In base 14, what is 114 - 17bc3?
-17aad
In base 9, what is 1030851 + -24?
1030826
In base 15, what is -633e2 - 1?
-633e3
In base 11, what is -187 - -132152?
131a76
In base 12, what is -290b2 + a1?
-29011
In base 16, what is -18e + -5153d?
-516cb
In base 16, what is 22f - db98?
-d969
In base 14, what is 6d2 + -2c7d?
-258b
In base 13, what is 572ab - -4a?
57328
In base 2, what is 1011101100110011 + -110000?
1011101100000011
In base 7, what is 2536 - 3142246?
-3136410
In base 9, what is 621 - -122786?
123517
In base 10, what is 5 - -20380052?
20380057
In base 7, what is 5 + 166254110?
166254115
In base 8, what is 361506117 + 2?
361506121
In base 5, what is 13111330221 + -2?
13111330214
In base 9, what is -17462 - 6421?
-24883
In base 4, what is 11313031 - -11303?
11331000
In base 10, what is 12003832 + 32?
12003864
In base 11, what is -a53841a8 + a?
-a5384199
In base 2, what is -11010 + 1001100110000100101?
1001100110000001011
In base 2, what is -100111011001001000101011011 - -10?
-100111011001001000101011001
In base 11, what is -7 - 162440a?
-1624416
In base 13, what is 3 - -1617625?
1617628
In base 16, what is -3d84f + 18?
-3d837
In base 7, what is 2130465 + -215?
2130250
In base 3, what is 2 + -1200011010120010?
-1200011010120001
In base 2, what is -1 - -1001100010000101110?
1001100010000101101
In base 8, what is 451371 + -4274?
445075
In base 11, what is 1 - 3071143?
-3071142
In base 9, what is -238781 + -24?
-238815
In base 5, what is 1 + -322124200?
-322124144
In base 5, what is -10140004223 + -2?
-10140004230
In base 4, what is -2001 - -12332320203?
12332312202
In base 5, what is -32314300 - -1130?
-32313120
In base 15, what is -1e - -37c85?
37c66
In base 2, what is 11011111011000010000 - -111000?
11011111011001001000
In base 6, what is -11055543 - -41?
-11055502
In base 8, what is 72773 + 30?
73023
In base 7, what is -115143655 + 24?
-115143631
In base 2, what is 1001011110 + 100101111001100?
100111000101010
In base 14, what is -bd588 - -251?
-bd337
In base 14, what is 235941 - 1?
235940
In base 15, what is 62b36a5 - 4?
62b36a1
In base 5, what is 23 - 333341100?
-333341022
In base 4, what is -10 + 321332120230?
321332120220
In base 16, what is 2 - 9157c?
-9157a
In base 15, what is -25026a3 - -7?
-250269b
In base 3, what is -111 - 1001002221110?
-1001002221221
In base 13, what is 609 - -343a?
3a46
In base 3, what is 2 - 101000211102111?
-101000211102102
In base 2, what is 1001101101000110 - 10101111?
1001101010010111
In base 5, what is 3030 - -13242?
21322
In base 2, what is -100010001000 - -110010000101101101?
110001100011100101
In base 5, what is 111412 - -4230024?
4341441
In base 16, what is -210aa423 + 2?
-210aa421
In base 2, what is 1111001011011011001 - 10110110000?
1111001000100101001
In base 15, what is -10c6 - 596dd?
-5a7b4
In base 16, what is 521 + 1595?
1ab6
In base 2, what is 101100 + 10000111111011100110?
10000111111100010010
In base 14, what is -56bd25 - -6?
-56bd1d
In base 3, what is 120112120022201 - 1?
120112120022200
In base 4, what is -10110312 + 1221230?
-2223022
In base 5, what is -1232 - -210400230?
210343443
In base 7, what is -14 - 1440030510?
-1440030524
In base 5, what is 200224110140 - -1?
200224110141
In base 6, what is 302045331 - 1?
302045330
In base 13, what is -10a2 - 17627a?
-17734c
In base 15, what is -a + -1be9abc?
-1be9ac7
In base 6, what is -11133 + 523?
-10210
In base 14, what is 6 - b5c259?
-b5c253
In base 16, what is e + 7b11f3?
7b1201
In base 16, what is -278f - 258c?
-4d1b
In base 4, what is 121102 + -222310?
-101202
In base 8, what is -1666 - 3170?
-5056
In base 5, what is -2241 + 1213300?
1211004
In base 16, what is 8a0f05 - -4e?
8a0f53
In base 12, what is 73b23 + 368?
7428b
In base 11, what is -1476910 + -28?
-1476938
In base 10, what is -1300 - 86349?
-87649
In base 11, what is -a450999 + 1?
-a450998
In base 13, what is 5 + -a859308?
-a859303
In base 9, what is -31 + -120013?
-120044
In base 16, what is -2c67985 + 1?
-2c67984
In base 5, what is 11031313 + 13230?
11100043
In base 13, what is -4 - -1183203?
11831cc
In base 8, what is -240536 - -12777?
-225537
In base 15, what is -2ab5e1d6 - 3?
-2ab5e1d9
In base 12, what is -404a0308 + -3?
-404a030b
In base 10, what is -10498139 - 25?
-10498164
In base 3, what is 110222121121 - 201202?
110221212212
In base 5, what is -12 - 1233410000?
-1233410012
In base 9, what is 2817 - 183257?
-180340
In base 8, what is -122501645 + 4?
-122501641
In base 7, what is -3255313611 - 16?
-3255313630
In base 10, what is 624 + 447?
1071
In base 6, what is -422 - -330551?
330125
In base 12, what is 1 - -b961b37?
b961b38
In base 4, what is 11 + 3020321030101?
3020321030112
In base 16, what is 3f50c6 - -52?
3f5118
In base 8, what is -6 + 1117175525?
1117175517
In base 10, what is 3642 + -3334?
308
In base 15, what is e - -13384a?
133859
In base 13, what is -863a + 31b?
-831c
In base 3, what is 11 + -122112200010011?
-122112200010000
In base 15, what is -82c3eb - -5?
-82c3e6
In base 4, what is -1313212223 - -103?
-1313212120
In base 7, what is -14 - 5552546?
-5552563
In base 2, what is -1011010101000 - -1011111010101?
100101101
In base 15, what is 44274 - -89e?
44b23
In base 4, what is 23300102202311 - -3?
23300102202320
In base 5, what is -1002040140 - 2?
-1002040142
In base 14, what is -3 - 29355cb?
-29355d0
In base 15, what is -2 - -110c2c?
110c2a
In base 3, what is -122011 - 210201220121?
-210202112202
In base 11, what is -306181a - 2?
-3061821
In base 3, what is -12 - 11120220101012212?
-11120220101020001
In base 2, what is -1001111101100100101111 - 1011?
-1001111101100100111010
In base 13, what is 595aa + -3?
595a7
In base 2, what is -1011111001100 - -10010101100111111?
10001001101110011
In base 12, what is 291a + aa3?
3801
In base 3, what is 11 - -1211211220102020?
1211211220102101
In base 12, what is -5 - 805926?
-80592b
In base 16, what is -1 + 8f402f?
8f402e
In base 5, what is -3032444433 - 10?
-3032444443
In base 12, what is 468950 + 4b1?
469241
In base 14, what is 39729 - -7?
39732
In base 10, what is 536908 - -2?
536910
In base 6, what is -3 + 100332430324?
100332430321
In base 7, what is -1042555226 - 5?
-1042555234
In base 12, what is -290434 + -14?
-290448
In base 15, what is -3 - 9d6612?
-9d6615
In base 3, what is -11001010 + 2122210112?
2111202102
In base 2, what is -1 + -110000000001111000110111111?
-110000000001111000111000000
In base 14, what is 440c3 + -109b?
43026
In base 12, what is 3 + -215a072?
-215a06b
In base 14, what is -35b0ac - 7?
-35b0b5
In base 13, what is -22049ac - a7?
-2204a86
In base 13, what is -13c - 239bb?
-23b2a
In base 3, what is -1212021012120 - -1002?
-1212021011111
In base 6, what is 113130445 - 1?
113130444
In base 7, what is -36123 + -4024?
-43150
In base 12, what is 1 - 200640?
-20063b
In base 5, what is -4 + 11140033221?
11140033212
In base 7, what is 3 - 134223320?
-134223314
In base 16, what is 195213a + b?
1952145
In base 2, what is 100 - 10100010110110011010?
-10100010110110010110
In base 15, what is 251c + 19a3?
3ec0
In base 11, what is -21540981 - -12?
-2154096a
In base 14, what is 7189a2b + -5?
7189a26
In base 2, what is 100110 - -10000001111011011001?
10000001111011111111
In base 16, what is 2360576 - 2?
2360574
In base 3, what is -102220011022120 - -20?
-102220011022100
In base 5, what is -10 + -24240130321?
-24240130331
In base 11, what is a88 + -1167?
-18a
In base 11, what is -21 + 396163?
396142
In base 6, what is -133 + -14340?
-1451